67 is divided by 61.
0
What is the remainder when 72238 is divided by 535?
13
What is the remainder when 39217 is divided by 49?
17
Calculate the remainder when 59604 is divided by 29781.
42
Calculate the remainder when 50674 is divided by 412.
410
Calculate the remainder when 49877 is divided by 43.
40
Calculate the remainder when 49961 is divided by 1923.
1886
Calculate the remainder when 13362 is divided by 823.
194
Calculate the remainder when 941 is divided by 837.
104
Calculate the remainder when 2765 is divided by 13.
9
Calculate the remainder when 2167 is divided by 971.
225
Calculate the remainder when 13968 is divided by 103.
63
What is the remainder when 1332 is divided by 187?
23
What is the remainder when 59149 is divided by 175?
174
What is the remainder when 48957 is divided by 68?
65
What is the remainder when 39946 is divided by 7?
4
Calculate the remainder when 7149 is divided by 2362.
63
Calculate the remainder when 341399 is divided by 75.
74
What is the remainder when 217942 is divided by 54?
52
What is the remainder when 1291 is divided by 129?
1
What is the remainder when 64980 is divided by 21659?
3
Calculate the remainder when 131933 is divided by 10.
3
Calculate the remainder when 1156 is divided by 213.
91
Calculate the remainder when 698544 is divided by 87318.
0
Calculate the remainder when 28383 is divided by 273.
264
Calculate the remainder when 2455 is divided by 70.
5
Calculate the remainder when 79633 is divided by 39815.
3
Calculate the remainder when 1784249 is divided by 323.
320
What is the remainder when 3458 is divided by 33?
26
Calculate the remainder when 763260 is divided by 242.
234
Calculate the remainder when 36215 is divided by 1207.
5
What is the remainder when 13221 is divided by 1094?
93
Calculate the remainder when 19723 is divided by 346.
1
What is the remainder when 3141 is divided by 282?
39
Calculate the remainder when 3000 is divided by 93.
24
What is the remainder when 11135 is divided by 3706?
17
Calculate the remainder when 2008 is divided by 989.
30
Calculate the remainder when 9957 is divided by 718.
623
What is the remainder when 17547 is divided by 48?
27
What is the remainder when 172155 is divided by 21?
18
What is the remainder when 7247 is divided by 24?
23
Calculate the remainder when 1123938 is divided by 773.
769
What is the remainder when 3311 is divided by 255?
251
What is the remainder when 321 is divided by 35?
6
What is the remainder when 113853 is divided by 876?
849
Calculate the remainder when 47001 is divided by 31.
5
Calculate the remainder when 377466 is divided by 26.
24
Calculate the remainder when 6475 is divided by 114.
91
What is the remainder when 24276 is divided by 6065?
16
What is the remainder when 532495 is divided by 16?
15
What is the remainder when 2804 is divided by 706?
686
What is the remainder when 12481 is divided by 35?
21
Calculate the remainder when 7209 is divided by 111.
105
Calculate the remainder when 198897 is divided by 376.
369
Calculate the remainder when 1097879 is divided by 29.
26
Calculate the remainder when 4458 is divided by 1953.
552
Calculate the remainder when 7114 is divided by 178.
172
Calculate the remainder when 86609 is divided by 132.
17
What is the remainder when 24580 is divided by 120?
100
Calculate the remainder when 351128 is divided by 10.
8
What is the remainder when 524091 is divided by 431?
426
What is the remainder when 1750 is divided by 63?
49
Calculate the remainder when 3305 is divided by 78.
29
What is the remainder when 9758 is divided by 442?
34
What is the remainder when 180358 is divided by 673?
667
What is the remainder when 894894 is divided by 16?
14
What is the remainder when 92558 is divided by 23134?
22
What is the remainder when 9484 is divided by 103?
8
Calculate the remainder when 54092 is divided by 92.
88
Calculate the remainder when 3463 is divided by 13.
5
Calculate the remainder when 352202 is divided by 145.
142
What is the remainder when 106 is divided by 72?
34
What is the remainder when 3702 is divided by 103?
97
Calculate the remainder when 541575 is divided by 2.
1
What is the remainder when 41404 is divided by 583?
11
What is the remainder when 5283 is divided by 46?
39
What is the remainder when 486009 is divided by 36?
9
Calculate the remainder when 179899 is divided by 70.
69
What is the remainder when 25522 is divided by 781?
530
What is the remainder when 5980276 is divided by 289?
288
Calculate the remainder when 1298 is divided by 1273.
25
What is the remainder when 2432 is divided by 184?
40
Calculate the remainder when 28060 is divided by 384.
28
Calculate the remainder when 693258 is divided by 88.
82
What is the remainder when 6598 is divided by 3016?
566
What is the remainder when 158996 is divided by 17665?
11
What is the remainder when 102724 is divided by 175?
174
What is the remainder when 64541 is divided by 32?
29
What is the remainder when 42236 is divided by 10557?
8
Calculate the remainder when 3146 is divided by 372.
170
Calculate the remainder when 607107 is divided by 2326.
21
What is the remainder when 9269 is divided by 926?
9
What is the remainder when 13068 is divided by 73?
1
What is the remainder when 1012 is divided by 920?
92
What is the remainder when 54286 is divided by 139?
76
Calculate the remainder when 10655 is divided by 2206.
1831
Calculate the remainder when 117518 is divided by 103.
98
What is the remainder when 28645 is divided by 79?
47
What is the remainder when 150800 is divided by 567?
545
What is the remainder when 10180 is divided by 189?
163
Calculate the remainder when 9232 is divided by 3003.
223
Calculate the remainder when 201094 is divided by 25.
19
What is the remainder when 1914 is divided by 950?
14
Calculate the remainder when 1515 is divided by 169.
163
Calculate the remainder when 6736 is divided by 66.
4
Calculate the remainder when 57004 is divided by 15.
4
Calculate the remainder when 157158 is divided by 759.
45
What is the remainder when 72749 is divided by 6?
5
Calculate the remainder when 2239934 is divided by 248.
246
What is the remainder when 8557 is divided by 2569?
850
What is the remainder when 8523 is divided by 283?
33
What is the remainder when 8522 is divided by 31?
28
Calculate the remainder when 12890 is divided by 114.
8
Calculate the remainder when 65708 is divided by 382.
4
What is the remainder when 5846 is divided by 19?
13
Calculate the remainder when 91294 is divided by 220.
214
What is the remainder when 1671 is divided by 746?
179
What is the remainder when 481820 is divided by 120453?
8
What is the remainder when 809 is divided by 158?
19
Calculate the remainder when 5772 is divided by 658.
508
Calculate the remainder when 3558 is divided by 194.
66
What is the remainder when 25014 is divided by 99?
66
Calculate the remainder when 9165715 is divided by 81.
79
What is the remainder when 84164 is divided by 167?
163
What is the remainder when 51722 is divided by 63?
62
Calculate the remainder when 961347 is divided by 325.
322
What is the remainder when 29740 is divided by 338?
334
What is the remainder when 128660 is divided by 11692?
48
What is the remainder when 3219436 is divided by 1073143?
7
Calculate the remainder when 3496701 is divided by 29.
26
Calculate the remainder when 10621 is divided by 2093.
156
What is the remainder when 315549 is divided by 85?
29
Calculate the remainder when 83619 is divided by 83605.
14
What is the remainder when 13714 is divided by 4564?
22
Calculate the remainder when 64512 is divided by 150.
12
What is the remainder when 1552 is divided by 139?
23
Calculate the remainder when 415799 is divided by 126.
125
Calculate the remainder when 5950 is divided by 514.
296
Calculate the remainder when 8032 is divided by 33.
13
What is the remainder when 9457 is divided by 3148?
13
Calculate the remainder when 231225 is divided by 429.
423
What is the remainder when 4974 is divided by 1230?
54
What is the remainder when 8865 is divided by 2202?
57
Calculate the remainder when 52153 is divided by 178.
177
Calculate the remainder when 13216 is divided by 13189.
27
Calculate the remainder when 14973 is divided by 865.
268
Calculate the remainder when 20025 is divid